{"id":2413,"date":"2020-06-11T16:26:41","date_gmt":"2020-06-11T16:26:41","guid":{"rendered":"http:\/\/liceaga.facmed.unam.mx\/deptos\/myp_2020\/?page_id=2413"},"modified":"2026-04-08T18:44:04","modified_gmt":"2026-04-08T18:44:04","slug":"propuesta","status":"publish","type":"page","link":"https:\/\/microypara.facmed.unam.mx\/","title":{"rendered":"SITIOS DE INTER\u00c9S"},"content":{"rendered":"<p>[et_pb_section fb_built=\u00bb1&#8243; _builder_version=\u00bb4.25.1&#8243; _module_preset=\u00bbdefault\u00bb min_height=\u00bb60px\u00bb custom_padding=\u00bb5px|||||\u00bb global_colors_info=\u00bb{}\u00bb][et_pb_row _builder_version=\u00bb4.25.1&#8243; _module_preset=\u00bbdefault\u00bb transform_scale_linked=\u00bboff\u00bb transform_translate=\u00bb120px|-18px\u00bb transform_translate_linked=\u00bboff\u00bb custom_margin=\u00bb|auto|-29px|auto||\u00bb custom_padding=\u00bb|0px||880px||\u00bb border_radii=\u00bbon|3px|3px|3px|3px\u00bb global_colors_info=\u00bb{}\u00bb][et_pb_column type=\u00bb4_4&#8243; _builder_version=\u00bb4.25.1&#8243; _module_preset=\u00bbdefault\u00bb global_colors_info=\u00bb{}\u00bb][et_pb_social_media_follow _builder_version=\u00bb4.25.1&#8243; _module_preset=\u00bbdefault\u00bb transform_translate=\u00bb59px|-1px\u00bb transform_translate_linked=\u00bboff\u00bb global_colors_info=\u00bb{}\u00bb][et_pb_social_media_follow_network social_network=\u00bbfacebook\u00bb url=\u00bbhttps:\/\/www.facebook.com\/microypara.facmed.unam.mx\u00bb _builder_version=\u00bb4.25.1&#8243; _module_preset=\u00bbdefault\u00bb background_color=\u00bb#3b5998&#8243; global_colors_info=\u00bb{}\u00bb follow_button=\u00bboff\u00bb url_new_window=\u00bbon\u00bb]facebook[\/et_pb_social_media_follow_network][et_pb_social_media_follow_network social_network=\u00bbtwitter\u00bb url=\u00bbhttps:\/\/x.com\/microyparaUNAM\u00bb _builder_version=\u00bb4.25.1&#8243; _module_preset=\u00bbdefault\u00bb background_color=\u00bb#000000&#8243; global_colors_info=\u00bb{}\u00bb follow_button=\u00bboff\u00bb url_new_window=\u00bbon\u00bb]X[\/et_pb_social_media_follow_network][et_pb_social_media_follow_network social_network=\u00bbinstagram\u00bb url=\u00bbhttps:\/\/www.instagram.com\/microyparaunam\/\u00bb _builder_version=\u00bb4.25.1&#8243; _module_preset=\u00bbdefault\u00bb background_color=\u00bb#ea2c59&#8243; global_colors_info=\u00bb{}\u00bb follow_button=\u00bboff\u00bb url_new_window=\u00bbon\u00bb]instagram[\/et_pb_social_media_follow_network][et_pb_social_media_follow_network social_network=\u00bbyoutube\u00bb url=\u00bbhttps:\/\/www.youtube.com\/@microbiologiayparasitologi1274&#8243; _builder_version=\u00bb4.25.1&#8243; _module_preset=\u00bbdefault\u00bb background_color=\u00bb#a82400&#8243; global_colors_info=\u00bb{}\u00bb follow_button=\u00bboff\u00bb url_new_window=\u00bbon\u00bb]youtube[\/et_pb_social_media_follow_network][et_pb_social_media_follow_network social_network=\u00bbtiktok\u00bb url=\u00bbhttps:\/\/www.tiktok.com\/@microyparaunam?is_from_webapp=1&#038;sender_device=pc\u00bb _builder_version=\u00bb4.25.1&#8243; _module_preset=\u00bbdefault\u00bb background_color=\u00bb#fe2c55&#8243; global_colors_info=\u00bb{}\u00bb follow_button=\u00bboff\u00bb url_new_window=\u00bbon\u00bb]tiktok[\/et_pb_social_media_follow_network][\/et_pb_social_media_follow][\/et_pb_column][\/et_pb_row][\/et_pb_section][et_pb_section fb_built=\u00bb1&#8243; fullwidth=\u00bbon\u00bb _builder_version=\u00bb4.25.1&#8243; _module_preset=\u00bbdefault\u00bb width=\u00bb100%\u00bb max_width=\u00bb100%\u00bb min_height=\u00bb604px\u00bb height=\u00bb540px\u00bb global_colors_info=\u00bb{}\u00bb][et_pb_fullwidth_slider _builder_version=\u00bb4.25.1&#8243; _module_preset=\u00bbdefault\u00bb background_enable_image=\u00bboff\u00bb transform_scale_tablet=\u00bb\u00bb transform_scale_phone=\u00bb\u00bb transform_scale_last_edited=\u00bbon|phone\u00bb transform_translate_tablet=\u00bb\u00bb transform_translate_phone=\u00bb\u00bb transform_translate_last_edited=\u00bbon|desktop\u00bb transform_rotate_tablet=\u00bb\u00bb transform_rotate_phone=\u00bb\u00bb transform_rotate_last_edited=\u00bbon|desktop\u00bb transform_skew_tablet=\u00bb\u00bb transform_skew_phone=\u00bb\u00bb transform_skew_last_edited=\u00bbon|desktop\u00bb transform_origin_tablet=\u00bb\u00bb transform_origin_phone=\u00bb\u00bb transform_origin_last_edited=\u00bbon|desktop\u00bb transform_styles_last_edited=\u00bbon|phone\u00bb content_max_width=\u00bb2360px\u00bb height=\u00bb540px\u00bb custom_padding=\u00bb93px|||||\u00bb animation_style=\u00bbzoom\u00bb hover_enabled=\u00bb0&#8243; transform_styles_tablet=\u00bb\u00bb transform_styles_phone=\u00bb\u00bb global_colors_info=\u00bb{}\u00bb sticky_enabled=\u00bb0&#8243;][et_pb_slide heading=\u00bbSEMINARIO DE INVESTIGACI\u00d3N EN EDUCACI\u00d3N M\u00c9DICA\u00bb button_text=\u00bbAcceso a la grabaci\u00f3n\u00bb button_link=\u00bbhttps:\/\/www.youtube.com\/watch?v=jWsmaqD8Zfw&#038;list=PLIsu-USfahoCtQ2KG2l9YUbVrOmvvn4XO\u00bb url_new_window=\u00bbon\u00bb image=\u00bbhttps:\/\/microypara.facmed.unam.mx\/wp-content\/uploads\/2026\/03\/Investigar-para-ensenar-mejor.png\u00bb _builder_version=\u00bb4.25.1&#8243; _module_preset=\u00bbdefault\u00bb header_text_color=\u00bb#2D2D2D\u00bb header_font_size=\u00bb35px\u00bb body_text_color=\u00bb#2D2D2D\u00bb background_color=\u00bbRGBA(255,255,255,0)\u00bb background_enable_color=\u00bbon\u00bb background_image=\u00bbhttps:\/\/microypara.facmed.unam.mx\/wp-content\/uploads\/2026\/03\/Investigacion-en-ED.png\u00bb background_enable_image=\u00bbon\u00bb custom_button=\u00bbon\u00bb button_text_color=\u00bb#2D2D2D\u00bb text_orientation=\u00bbcenter\u00bb link_option_url=\u00bbhttps:\/\/www.youtube.com\/watch?v=jWsmaqD8Zfw&#038;list=PLIsu-USfahoCtQ2KG2l9YUbVrOmvvn4XO\u00bb link_option_url_new_window=\u00bbon\u00bb hover_enabled=\u00bb0&#8243; global_colors_info=\u00bb{}\u00bb sticky_transition=\u00bbon\u00bb sticky_enabled=\u00bb0&#8243;]<\/p>\n<p><span style=\"font-size: x-large;\"><\/span><\/p>\n<p><span style=\"font-size: x-large;\"><\/span><\/p>\n<p><span style=\"font-size: x-large;\">Investigaci\u00f3n aplicada a la educaci\u00f3n m\u00e9dica<\/span><\/p>\n<p><a href=\"https:\/\/www.youtube.com\/watch?v=jWsmaqD8Zfw&amp;list=PLIsu-USfahoCtQ2KG2l9YUbVrOmvvn4XO\" target=\"_blank\" rel=\"noopener\" title=\"https:\/\/www.youtube.com\/watch?v=jWsmaqD8Zfw&amp;list=PLIsu-USfahoCtQ2KG2l9YUbVrOmvvn4XO\"><span style=\"font-size: x-large;\">Accede a la grabaci\u00f3n del seminario en nuestro canal de YouTube.\u00a0<\/span><\/a><\/p>\n<p><span><span style=\"font-size: x-large;\"><\/span><\/span><\/p>\n<p>[\/et_pb_slide][et_pb_slide heading=\u00bbSEMINARIO DE INVESTIGACI\u00d3N\u00bb button_text=\u00bbAccede a la grabaci\u00f3n\u00bb button_link=\u00bbhttps:\/\/www.youtube.com\/watch?v=QASSmUU0gXw\u00bb url_new_window=\u00bbon\u00bb image=\u00bbhttps:\/\/microypara.facmed.unam.mx\/wp-content\/uploads\/2026\/02\/WhatsApp-Image-2026-02-05-at-2.45.56-PM.jpeg\u00bb _builder_version=\u00bb4.25.1&#8243; _module_preset=\u00bbdefault\u00bb header_text_color=\u00bb#2D2D2D\u00bb header_font_size=\u00bb35px\u00bb body_text_color=\u00bb#2D2D2D\u00bb background_color=\u00bb#F2BB13&#8243; background_enable_color=\u00bbon\u00bb background_image=\u00bbhttps:\/\/microypara.facmed.unam.mx\/wp-content\/uploads\/2026\/02\/Investigacion.png\u00bb background_enable_image=\u00bbon\u00bb custom_button=\u00bbon\u00bb button_text_color=\u00bb#2D2D2D\u00bb text_orientation=\u00bbcenter\u00bb link_option_url=\u00bbhttps:\/\/www.youtube.com\/watch?v=QASSmUU0gXw\u00bb link_option_url_new_window=\u00bbon\u00bb global_colors_info=\u00bb{}\u00bb sticky_transition=\u00bbon\u00bb]<\/p>\n<p><span style=\"font-size: x-large;\"><\/span><\/p>\n<p><span style=\"font-size: x-large;\">La lectina con afinidad a \u00df-galactosa de <em>Histoplasma capsulatum<\/em> en la patog\u00e9nesis de la histoplasmosis<\/span><\/p>\n<p><span style=\"font-size: x-large;\"><\/span><\/p>\n<p>[\/et_pb_slide][et_pb_slide heading=\u00bbSEMINARIO DE ACTUALIZACI\u00d3N DISCIPLINAR\u00bb button_text=\u00bbAcceso a la grabaci\u00f3n\u00bb button_link=\u00bbhttps:\/\/www.youtube.com\/watch?v=_WaumoJ1fDo\u00bb url_new_window=\u00bbon\u00bb image=\u00bbhttps:\/\/microypara.facmed.unam.mx\/wp-content\/uploads\/2026\/02\/SEMINARIOS-DISCIPLINARES-MYP.png\u00bb _builder_version=\u00bb4.25.1&#8243; _module_preset=\u00bbdefault\u00bb header_font=\u00bb&#8211;et_global_body_font||||||||\u00bb header_text_align=\u00bbcenter\u00bb header_text_color=\u00bb#FFFFFF\u00bb header_font_size=\u00bb35px\u00bb body_font=\u00bbRoboto||||||||\u00bb body_text_align=\u00bbcenter\u00bb body_font_size=\u00bb1px\u00bb background_color=\u00bbRGBA(255,255,255,0)\u00bb background_enable_color=\u00bbon\u00bb background_image=\u00bbhttps:\/\/microypara.facmed.unam.mx\/wp-content\/uploads\/2026\/02\/Micologia.png\u00bb background_enable_image=\u00bbon\u00bb custom_button=\u00bbon\u00bb button_text_color=\u00bb#FFFFFF\u00bb button_alignment=\u00bbcenter\u00bb link_option_url=\u00bbhttps:\/\/www.youtube.com\/watch?v=_WaumoJ1fDo\u00bb link_option_url_new_window=\u00bbon\u00bb border_radii_image=\u00bbon|3px|3px|3px|3px\u00bb inline_fonts=\u00bbRoboto\u00bb global_colors_info=\u00bb{}\u00bb sticky_transition=\u00bbon\u00bb]<\/p>\n<p style=\"text-align: center;\"><span style=\"font-size: x-large; font-family: Roboto; font-weight: normal;\"><span class=\"a_GcMg font-feature-liga-off font-feature-clig-off font-feature-calt-off text-decoration-none text-strikethrough-none\"><\/span><\/span><\/p>\n<p style=\"text-align: center;\"><span style=\"font-size: x-large; font-family: Roboto; font-weight: normal;\"><span class=\"a_GcMg font-feature-liga-off font-feature-clig-off font-feature-calt-off text-decoration-none text-strikethrough-none\"><\/span><\/span><\/p>\n<p style=\"text-align: center;\"><span style=\"font-size: x-large; font-family: Roboto; font-weight: normal;\"><span class=\"a_GcMg font-feature-liga-off font-feature-clig-off font-feature-calt-off text-decoration-none text-strikethrough-none\"><\/span><\/span><\/p>\n<p style=\"text-align: center;\"><span style=\"font-size: x-large; font-family: Roboto; font-weight: normal;\"><span class=\"a_GcMg font-feature-liga-off font-feature-clig-off font-feature-calt-off text-decoration-none text-strikethrough-none\"><\/span><\/span><\/p>\n<p style=\"text-align: center;\"><span style=\"font-size: x-large; font-family: Roboto; font-weight: normal;\"><span class=\"a_GcMg font-feature-liga-off font-feature-clig-off font-feature-calt-off text-decoration-none text-strikethrough-none\"><\/span><\/span><\/p>\n<p style=\"text-align: center;\"><span style=\"font-size: x-large; font-family: Roboto; font-weight: normal;\"><span class=\"a_GcMg font-feature-liga-off font-feature-clig-off font-feature-calt-off text-decoration-none text-strikethrough-none\"><\/span><\/span><\/p>\n<p style=\"text-align: center;\"><span style=\"font-size: x-large; font-family: Roboto; font-weight: normal;\"><span class=\"a_GcMg font-feature-liga-off font-feature-clig-off font-feature-calt-off text-decoration-none text-strikethrough-none\"><\/span><\/span><\/p>\n<p style=\"text-align: center;\"><span style=\"font-size: x-large; font-family: Roboto; font-weight: normal;\"><span class=\"a_GcMg font-feature-liga-off font-feature-clig-off font-feature-calt-off text-decoration-none text-strikethrough-none\"><\/span><\/span><\/p>\n<p style=\"text-align: center;\"><span style=\"font-size: x-large; font-family: Roboto; font-weight: normal;\"><span class=\"a_GcMg font-feature-liga-off font-feature-clig-off font-feature-calt-off text-decoration-none text-strikethrough-none\"><\/span><\/span><\/p>\n<p style=\"text-align: center;\"><span style=\"font-size: x-large; font-family: Roboto; font-weight: normal;\"><span class=\"a_GcMg font-feature-liga-off font-feature-clig-off font-feature-calt-off text-decoration-none text-strikethrough-none\"><\/span><\/span><\/p>\n<p style=\"text-align: center;\"><span style=\"font-size: x-large; font-family: Roboto; font-weight: normal;\"><span class=\"a_GcMg font-feature-liga-off font-feature-clig-off font-feature-calt-off text-decoration-none text-strikethrough-none\"><\/span><\/span><\/p>\n<p style=\"text-align: center;\"><span style=\"font-size: x-large; font-family: Roboto; font-weight: normal;\"><span class=\"a_GcMg font-feature-liga-off font-feature-clig-off font-feature-calt-off text-decoration-none text-strikethrough-none\"><\/span><\/span><\/p>\n<p style=\"text-align: center;\"><span style=\"font-size: x-large; font-family: Roboto; font-weight: normal;\"><span class=\"a_GcMg font-feature-liga-off font-feature-clig-off font-feature-calt-off text-decoration-none text-strikethrough-none\">Entamoeba histolytica:<\/span><span class=\"a_GcMg font-feature-liga-off font-feature-clig-off font-feature-calt-off text-decoration-none text-strikethrough-none\"> de la disenter\u00eda a la gen\u00f3mica<\/span><\/span><\/p>\n<p>[\/et_pb_slide][et_pb_slide heading=\u00bbPROFESIONALIZACI\u00d3N DOCENTE\u00bb button_text=\u00bbAccede a la oferta educativa\u00bb button_link=\u00bbhttps:\/\/prodocente.facmed.unam.mx\/\u00bb url_new_window=\u00bbon\u00bb image=\u00bbhttps:\/\/microypara.facmed.unam.mx\/wp-content\/uploads\/2025\/09\/slider-profesionalizacion-docente.jpg\u00bb _builder_version=\u00bb4.25.1&#8243; _module_preset=\u00bbdefault\u00bb header_text_align=\u00bbcenter\u00bb header_text_color=\u00bb#021059&#8243; header_font_size=\u00bb35px\u00bb body_font=\u00bbRoboto||||||||\u00bb body_text_align=\u00bbcenter\u00bb body_text_color=\u00bb#021059&#8243; background_enable_color=\u00bboff\u00bb background_image=\u00bbhttps:\/\/microypara.facmed.unam.mx\/wp-content\/uploads\/2026\/02\/3.png\u00bb background_enable_image=\u00bbon\u00bb custom_button=\u00bbon\u00bb button_text_color=\u00bb#021059&#8243; button_alignment=\u00bbcenter\u00bb text_orientation=\u00bbcenter\u00bb link_option_url=\u00bbhttps:\/\/prodocente.facmed.unam.mx\/\u00bb link_option_url_new_window=\u00bbon\u00bb inline_fonts=\u00bbRoboto\u00bb global_colors_info=\u00bb{}\u00bb sticky_transition=\u00bbon\u00bb]<\/p>\n<p><span style=\"font-size: x-large; font-family: Roboto; font-weight: normal;\"><\/span><\/p>\n<p><span style=\"font-size: x-large; font-family: Roboto; font-weight: normal;\">Docente de la Facultad \u00a1fortalece tus habilidades pedag\u00f3gicas!<\/span><\/p>\n<p><span style=\"font-size: x-large; font-family: Roboto; font-weight: normal;\"><\/span><\/p>\n<p>[\/et_pb_slide][\/et_pb_fullwidth_slider][\/et_pb_section][et_pb_section fb_built=\u00bb1&#8243; _builder_version=\u00bb4.25.1&#8243; _module_preset=\u00bbdefault\u00bb custom_margin=\u00bb-55px|||||\u00bb custom_padding=\u00bb9px|||||\u00bb global_colors_info=\u00bb{}\u00bb][et_pb_row _builder_version=\u00bb4.25.1&#8243; _module_preset=\u00bbdefault\u00bb transform_scale_tablet=\u00bb\u00bb transform_scale_phone=\u00bb\u00bb transform_scale_last_edited=\u00bbon|desktop\u00bb transform_translate_tablet=\u00bb\u00bb transform_translate_phone=\u00bb\u00bb transform_translate_last_edited=\u00bbon|desktop\u00bb transform_rotate_tablet=\u00bb\u00bb transform_rotate_phone=\u00bb\u00bb transform_rotate_last_edited=\u00bbon|desktop\u00bb transform_skew_tablet=\u00bb\u00bb transform_skew_phone=\u00bb\u00bb transform_skew_last_edited=\u00bbon|desktop\u00bb transform_origin_tablet=\u00bb\u00bb transform_origin_phone=\u00bb\u00bb transform_origin_last_edited=\u00bbon|desktop\u00bb transform_styles_last_edited=\u00bbon|desktop\u00bb min_height=\u00bb82px\u00bb custom_margin=\u00bb-21px|auto||auto||\u00bb transform_styles_tablet=\u00bb\u00bb transform_styles_phone=\u00bb\u00bb global_colors_info=\u00bb{}\u00bb][et_pb_column type=\u00bb4_4&#8243; _builder_version=\u00bb4.25.1&#8243; _module_preset=\u00bbdefault\u00bb global_colors_info=\u00bb{}\u00bb][et_pb_heading title=\u00bbSITIOS DE INTER\u00c9S\u00bb _builder_version=\u00bb4.25.1&#8243; _module_preset=\u00bbdefault\u00bb title_font=\u00bbRoboto||||||||\u00bb title_text_align=\u00bbcenter\u00bb title_text_color=\u00bb#333333&#8243; title_font_size=\u00bb27px\u00bb background_color=\u00bbRGBA(255,255,255,0)\u00bb width=\u00bb100%\u00bb max_width=\u00bb35%\u00bb module_alignment=\u00bbcenter\u00bb animation_style=\u00bbfold\u00bb global_colors_info=\u00bb{}\u00bb][\/et_pb_heading][\/et_pb_column][\/et_pb_row][et_pb_row column_structure=\u00bb1_4,1_4,1_4,1_4&#8243; _builder_version=\u00bb4.25.1&#8243; _module_preset=\u00bbdefault\u00bb transform_scale_tablet=\u00bb\u00bb transform_scale_phone=\u00bb\u00bb transform_scale_last_edited=\u00bbon|desktop\u00bb transform_translate_tablet=\u00bb\u00bb transform_translate_phone=\u00bb\u00bb transform_translate_last_edited=\u00bbon|desktop\u00bb transform_rotate_tablet=\u00bb\u00bb transform_rotate_phone=\u00bb\u00bb transform_rotate_last_edited=\u00bbon|desktop\u00bb transform_skew_tablet=\u00bb\u00bb transform_skew_phone=\u00bb\u00bb transform_skew_last_edited=\u00bbon|desktop\u00bb transform_origin_tablet=\u00bb\u00bb transform_origin_phone=\u00bb\u00bb transform_origin_last_edited=\u00bbon|desktop\u00bb transform_styles_last_edited=\u00bbon|desktop\u00bb min_height=\u00bb542px\u00bb transform_styles_tablet=\u00bb\u00bb transform_styles_phone=\u00bb\u00bb global_colors_info=\u00bb{}\u00bb][et_pb_column type=\u00bb1_4&#8243; _builder_version=\u00bb4.25.1&#8243; _module_preset=\u00bbdefault\u00bb link_option_url_new_window=\u00bbon\u00bb global_colors_info=\u00bb{}\u00bb][et_pb_blurb title=\u00bbAulas virtuales\u00bb url=\u00bbhttps:\/\/paginas.facmed.unam.mx\/moodle\/login\/index.php\u00bb url_new_window=\u00bbon\u00bb image=\u00bbhttps:\/\/microypara.facmed.unam.mx\/wp-content\/uploads\/2025\/10\/Captura-de-Pantalla-2025-10-21-a-las-11.52.39-1.png\u00bb _builder_version=\u00bb4.25.1&#8243; _module_preset=\u00bbdefault\u00bb header_font=\u00bbRoboto||||||||\u00bb header_text_align=\u00bbcenter\u00bb header_text_color=\u00bb#333333&#8243; header_font_size=\u00bb33px\u00bb body_font=\u00bbRoboto||||||||\u00bb body_text_color=\u00bb#333333&#8243; body_font_size=\u00bb18px\u00bb body_line_height=\u00bb1.4em\u00bb background_enable_image=\u00bboff\u00bb text_orientation=\u00bbcenter\u00bb animation_style=\u00bbzoom\u00bb link_option_url_new_window=\u00bbon\u00bb global_colors_info=\u00bb{}\u00bb]<\/p>\n<p>Accede a todo el material que tenemos para que complementes tu estudio<\/p>\n<p>[\/et_pb_blurb][\/et_pb_column][et_pb_column type=\u00bb1_4&#8243; _builder_version=\u00bb4.25.1&#8243; _module_preset=\u00bbdefault\u00bb link_option_url_new_window=\u00bbon\u00bb global_colors_info=\u00bb{}\u00bb][et_pb_blurb title=\u00bbPonte en l\u00ednea\u00bb url=\u00bbhttp:\/\/ponteenlinea.facmed.unam.mx\/\u00bb url_new_window=\u00bbon\u00bb image=\u00bbhttps:\/\/microypara.facmed.unam.mx\/wp-content\/uploads\/2025\/10\/Captura-de-Pantalla-2025-10-21-a-las-12.00.27.png\u00bb _builder_version=\u00bb4.25.1&#8243; _module_preset=\u00bbdefault\u00bb header_font=\u00bbRoboto||||||||\u00bb header_text_color=\u00bb#333333&#8243; header_font_size=\u00bb33px\u00bb body_font=\u00bbRoboto||||||||\u00bb body_text_color=\u00bb#333333&#8243; body_font_size=\u00bb18px\u00bb text_orientation=\u00bbcenter\u00bb animation_style=\u00bbzoom\u00bb link_option_url_new_window=\u00bbon\u00bb global_colors_info=\u00bb{}\u00bb]<\/p>\n<p><span>Una plataforma donde encontrar\u00e1s recursos educativos como tutor\u00edas, seminarios y de autoestudio, para reforzar el aprendizaje.<\/span><\/p>\n<p>[\/et_pb_blurb][\/et_pb_column][et_pb_column type=\u00bb1_4&#8243; _builder_version=\u00bb4.25.1&#8243; _module_preset=\u00bbdefault\u00bb link_option_url_new_window=\u00bbon\u00bb global_colors_info=\u00bb{}\u00bb][et_pb_blurb title=\u00bbAprende m\u00e1s\u00bb url=\u00bbhttps:\/\/microypara.facmed.unam.mx\/index.php\/apoyos-didacticos\/\u00bb url_new_window=\u00bbon\u00bb image=\u00bbhttps:\/\/microypara.facmed.unam.mx\/wp-content\/uploads\/2025\/10\/Captura-de-Pantalla-2025-10-21-a-las-12.07.16.png\u00bb _builder_version=\u00bb4.25.1&#8243; _module_preset=\u00bbdefault\u00bb header_font=\u00bbRoboto||||||||\u00bb header_text_color=\u00bb#333333&#8243; header_font_size=\u00bb33px\u00bb body_font=\u00bbRoboto||||||||\u00bb body_text_color=\u00bb#333333&#8243; body_font_size=\u00bb18px\u00bb text_orientation=\u00bbcenter\u00bb animation_style=\u00bbzoom\u00bb link_option_url_new_window=\u00bbon\u00bb global_colors_info=\u00bb{}\u00bb]<\/p>\n<p>Material de apoyo did\u00e1ctio diverso en materia de Microbiolog\u00eda y Parasitolog\u00eda: atlas de bacteriolog\u00eda, ciclos de vida de par\u00e1sitos y acceso a repasos en YouTube<\/p>\n<p>[\/et_pb_blurb][\/et_pb_column][et_pb_column type=\u00bb1_4&#8243; _builder_version=\u00bb4.25.1&#8243; _module_preset=\u00bbdefault\u00bb link_option_url_new_window=\u00bbon\u00bb global_colors_info=\u00bb{}\u00bb][et_pb_blurb title=\u00bbRegistro a seminarios\u00bb url=\u00bbhttps:\/\/sem.facmed.unam.mx\/coordinacioninvestigacionmyp\/\u00bb url_new_window=\u00bbon\u00bb image=\u00bbhttps:\/\/microypara.facmed.unam.mx\/wp-content\/uploads\/2025\/10\/Captura-de-Pantalla-2025-10-21-a-las-12.07.22.png\u00bb _builder_version=\u00bb4.25.1&#8243; _module_preset=\u00bbdefault\u00bb header_font=\u00bbRoboto||||||||\u00bb header_text_color=\u00bb#333333&#8243; header_font_size=\u00bb33px\u00bb body_font=\u00bbRoboto||||||||\u00bb body_text_color=\u00bb#333333&#8243; body_font_size=\u00bb18px\u00bb text_orientation=\u00bbcenter\u00bb animation_style=\u00bbzoom\u00bb link_option_url_new_window=\u00bbon\u00bb global_colors_info=\u00bb{}\u00bb]<\/p>\n<p>Reg\u00edstrate y no te pierdas los seminarios mensuales de actualizaci\u00f3n disciplinar y de investigaci\u00f3n organizados por el Departamento<\/p>\n<p>[\/et_pb_blurb][\/et_pb_column][\/et_pb_row][\/et_pb_section][et_pb_section fb_built=\u00bb1&#8243; _builder_version=\u00bb4.25.1&#8243; transform_scale_tablet=\u00bb\u00bb transform_scale_phone=\u00bb\u00bb transform_scale_last_edited=\u00bbon|desktop\u00bb transform_translate_tablet=\u00bb\u00bb transform_translate_phone=\u00bb\u00bb transform_translate_last_edited=\u00bbon|desktop\u00bb transform_rotate_tablet=\u00bb\u00bb transform_rotate_phone=\u00bb\u00bb transform_rotate_last_edited=\u00bbon|desktop\u00bb transform_skew_tablet=\u00bb\u00bb transform_skew_phone=\u00bb\u00bb transform_skew_last_edited=\u00bbon|desktop\u00bb transform_origin_tablet=\u00bb\u00bb transform_origin_phone=\u00bb\u00bb transform_origin_last_edited=\u00bbon|desktop\u00bb transform_styles_last_edited=\u00bbon|desktop\u00bb custom_padding=\u00bb1px||3px|||\u00bb top_divider_color=\u00bb#F2BB13&#8243; transform_styles_tablet=\u00bb\u00bb transform_styles_phone=\u00bb\u00bb global_colors_info=\u00bb{}\u00bb][et_pb_row column_structure=\u00bb1_4,1_4,1_4,1_4&#8243; _builder_version=\u00bb4.25.1&#8243; custom_margin=\u00bb32px|auto||auto||\u00bb global_colors_info=\u00bb{}\u00bb][et_pb_column type=\u00bb1_4&#8243; _builder_version=\u00bb4.16&#8243; global_colors_info=\u00bb{}\u00bb][et_pb_image src=\u00bbhttp:\/\/liceaga.facmed.unam.mx\/deptos\/myp_2020\/wp-content\/uploads\/2020\/06\/Gaceta-UNAM.png\u00bb url=\u00bbhttps:\/\/www.gaceta.unam.mx\/\u00bb url_new_window=\u00bbon\u00bb admin_label=\u00bbImagen\u00bb _builder_version=\u00bb4.17.4&#8243; background_color=\u00bb#0a0a0a\u00bb custom_margin=\u00bb||||false|false\u00bb custom_padding=\u00bb20px||20px||false|false\u00bb custom_css_main_element=\u00bbborder-radius: 10px; \u00bb global_colors_info=\u00bb{}\u00bb][\/et_pb_image][\/et_pb_column][et_pb_column type=\u00bb1_4&#8243; _builder_version=\u00bb4.16&#8243; global_colors_info=\u00bb{}\u00bb][et_pb_image src=\u00bbhttp:\/\/liceaga.facmed.unam.mx\/deptos\/myp_2020\/wp-content\/uploads\/2020\/06\/gaceta2-1.png\u00bb url=\u00bbhttp:\/\/gaceta.facmed.unam.mx\/\u00bb url_new_window=\u00bbon\u00bb _builder_version=\u00bb4.16&#8243; background_color=\u00bb#024873&#8243; custom_padding=\u00bb20px|5px|20px|5px|false|false\u00bb custom_css_main_element=\u00bbborder-radius: 10px;\u00bb global_colors_info=\u00bb{}\u00bb][\/et_pb_image][\/et_pb_column][et_pb_column type=\u00bb1_4&#8243; _builder_version=\u00bb4.16&#8243; global_colors_info=\u00bb{}\u00bb][et_pb_image src=\u00bbhttp:\/\/liceaga.facmed.unam.mx\/deptos\/myp_2020\/wp-content\/uploads\/2020\/06\/BMD_color.png\u00bb url=\u00bbhttp:\/\/www.facmed.unam.mx\/bmd\/\u00bb url_new_window=\u00bbon\u00bb _builder_version=\u00bb4.16&#8243; background_color=\u00bb#021059&#8243; custom_padding=\u00bb20px|10px|20px|10px|false|false\u00bb custom_css_main_element=\u00bbborder-radius: 10px;\u00bb global_colors_info=\u00bb{}\u00bb][\/et_pb_image][\/et_pb_column][et_pb_column type=\u00bb1_4&#8243; _builder_version=\u00bb4.16&#8243; global_colors_info=\u00bb{}\u00bb][et_pb_image src=\u00bbhttp:\/\/liceaga.facmed.unam.mx\/deptos\/myp_2020\/wp-content\/uploads\/2020\/09\/images.jpg\u00bb url=\u00bbhttp:\/\/meditic.facmed.unam.mx\/\u00bb url_new_window=\u00bbon\u00bb _builder_version=\u00bb4.16&#8243; background_color=\u00bb#ffffff\u00bb custom_padding=\u00bb20px|10px|20px|10px|false|false\u00bb custom_css_main_element=\u00bbborder-radius: 10px;\u00bb global_colors_info=\u00bb{}\u00bb][\/et_pb_image][\/et_pb_column][\/et_pb_row][\/et_pb_section]<\/p>\n","protected":false},"excerpt":{"rendered":"<p>Investigaci\u00f3n aplicada a la educaci\u00f3n m\u00e9dica Accede a la grabaci\u00f3n del seminario en nuestro canal de YouTube.\u00a0 La lectina con afinidad a \u00df-galactosa de Histoplasma capsulatum en la patog\u00e9nesis de la histoplasmosis Entamoeba histolytica: de la disenter\u00eda a la gen\u00f3mica Docente de la Facultad \u00a1fortalece tus habilidades pedag\u00f3gicas! Accede a todo el material que tenemos [&hellip;]<\/p>\n","protected":false},"author":4,"featured_media":0,"parent":0,"menu_order":0,"comment_status":"closed","ping_status":"closed","template":"","meta":{"_et_pb_use_builder":"on","_et_pb_old_content":"","_et_gb_content_width":"","footnotes":""},"class_list":["post-2413","page","type-page","status-publish","hentry"],"jetpack_sharing_enabled":true,"_links":{"self":[{"href":"https:\/\/microypara.facmed.unam.mx\/index.php\/wp-json\/wp\/v2\/pages\/2413","targetHints":{"allow":["GET"]}}],"collection":[{"href":"https:\/\/microypara.facmed.unam.mx\/index.php\/wp-json\/wp\/v2\/pages"}],"about":[{"href":"https:\/\/microypara.facmed.unam.mx\/index.php\/wp-json\/wp\/v2\/types\/page"}],"author":[{"embeddable":true,"href":"https:\/\/microypara.facmed.unam.mx\/index.php\/wp-json\/wp\/v2\/users\/4"}],"replies":[{"embeddable":true,"href":"https:\/\/microypara.facmed.unam.mx\/index.php\/wp-json\/wp\/v2\/comments?post=2413"}],"version-history":[{"count":642,"href":"https:\/\/microypara.facmed.unam.mx\/index.php\/wp-json\/wp\/v2\/pages\/2413\/revisions"}],"predecessor-version":[{"id":6207,"href":"https:\/\/microypara.facmed.unam.mx\/index.php\/wp-json\/wp\/v2\/pages\/2413\/revisions\/6207"}],"wp:attachment":[{"href":"https:\/\/microypara.facmed.unam.mx\/index.php\/wp-json\/wp\/v2\/media?parent=2413"}],"curies":[{"name":"wp","href":"https:\/\/api.w.org\/{rel}","templated":true}]}}