{"id":2779,"date":"2020-10-18T18:55:03","date_gmt":"2020-10-18T18:55:03","guid":{"rendered":"http:\/\/liceaga.facmed.unam.mx\/deptos\/myp_2020\/?page_id=2779"},"modified":"2024-06-06T06:10:18","modified_gmt":"2024-06-06T06:10:18","slug":"coordinacion-de-ensenanza","status":"publish","type":"page","link":"https:\/\/microypara.facmed.unam.mx\/index.php\/coordinacion-de-ensenanza\/","title":{"rendered":"Coordinaci\u00f3n de Ense\u00f1anza"},"content":{"rendered":"<p>[et_pb_section fb_built=\u00bb1&#8243; bg_img_1=\u00bbhttps:\/\/microypara.facmed.unam.mx\/wp-content\/uploads\/2020\/10\/political-candidate-25.png\u00bb background_size_1=\u00bbinitial\u00bb background_repeat_1=\u00bbno-repeat\u00bb background_position_1=\u00bbtop_right\u00bb admin_label=\u00bbHeader\u00bb _builder_version=\u00bb4.16&#8243; custom_margin=\u00bb||0px|\u00bb custom_padding=\u00bb0px||0px||true\u00bb global_colors_info=\u00bb{}\u00bb][et_pb_row column_structure=\u00bb1_2,1_2&#8243; make_equal=\u00bbon\u00bb padding_top_bottom_link_2=\u00bbfalse\u00bb padding_left_right_link_2=\u00bbfalse\u00bb _builder_version=\u00bb4.17.4&#8243; background_image=\u00bbhttps:\/\/microypara.facmed.unam.mx\/wp-content\/uploads\/2020\/06\/3433814.png\u00bb width=\u00bb100%\u00bb max_width=\u00bb100%\u00bb min_height=\u00bb475px\u00bb custom_margin=\u00bb|auto|10px|auto||\u00bb custom_padding=\u00bb0px|51px|0px||true|\u00bb use_custom_width=\u00bbon\u00bb width_unit=\u00bboff\u00bb custom_width_percent=\u00bb100%\u00bb global_colors_info=\u00bb{}\u00bb][et_pb_column type=\u00bb1_2&#8243; _builder_version=\u00bb4.17.4&#8243; _module_preset=\u00bbdefault\u00bb background_image=\u00bbhttps:\/\/microypara.facmed.unam.mx\/wp-content\/uploads\/2023\/02\/Juan-Carlos-Cadena.jpg\u00bb background_size=\u00bbcontain\u00bb global_colors_info=\u00bb{}\u00bb][\/et_pb_column][et_pb_column type=\u00bb1_2&#8243; _builder_version=\u00bb4.16&#8243; custom_padding=\u00bb6vw|10%|12vw|\u00bb custom_padding_tablet=\u00bb|10%||10%||true\u00bb custom_padding_phone=\u00bb|||\u00bb custom_padding_last_edited=\u00bbon|tablet\u00bb global_colors_info=\u00bb{}\u00bb padding_phone=\u00bb|||\u00bb padding_tablet=\u00bb|10%||10%||true\u00bb padding_last_edited=\u00bbon|tablet\u00bb custom_padding__hover=\u00bb|||\u00bb][et_pb_text _builder_version=\u00bb4.16&#8243; text_font=\u00bb||||||||\u00bb text_font_size=\u00bb16px\u00bb text_line_height=\u00bb2em\u00bb header_font=\u00bbUbuntu|700|||||||\u00bb header_font_size=\u00bb60px\u00bb header_line_height=\u00bb1.4em\u00bb header_3_font=\u00bbUbuntu||||||||\u00bb header_3_text_color=\u00bb#bb7860&#8243; header_3_line_height=\u00bb1.8em\u00bb width=\u00bb133%\u00bb max_width=\u00bb500px\u00bb min_height=\u00bb51px\u00bb custom_margin=\u00bb|-139px||||\u00bb custom_padding=\u00bb||0px|||\u00bb text_font_size_tablet=\u00bb\u00bb text_font_size_phone=\u00bb14px\u00bb text_font_size_last_edited=\u00bbon|desktop\u00bb header_font_size_tablet=\u00bb\u00bb header_font_size_phone=\u00bb32px\u00bb header_font_size_last_edited=\u00bbon|desktop\u00bb global_colors_info=\u00bb{}\u00bb]<\/p>\n<p style=\"text-align: center;\"><span style=\"font-size: x-large;\"><strong>Secci\u00f3n Acad\u00e9mica de Ense\u00f1anza<\/strong><\/span><\/p>\n<p>&nbsp;<\/p>\n<p>[\/et_pb_text][et_pb_text _builder_version=\u00bb4.17.4&#8243; text_font=\u00bb||||||||\u00bb text_font_size=\u00bb16px\u00bb text_line_height=\u00bb2em\u00bb header_font=\u00bbUbuntu|700|||||||\u00bb header_font_size=\u00bb60px\u00bb header_line_height=\u00bb1.4em\u00bb header_3_font=\u00bbUbuntu||||||||\u00bb header_3_text_color=\u00bb#bb7860&#8243; header_3_line_height=\u00bb1.8em\u00bb max_width=\u00bb500px\u00bb min_height=\u00bb94px\u00bb custom_margin=\u00bb|-139px||||\u00bb custom_padding=\u00bb||0px|||\u00bb text_font_size_tablet=\u00bb\u00bb text_font_size_phone=\u00bb14px\u00bb text_font_size_last_edited=\u00bbon|desktop\u00bb header_font_size_tablet=\u00bb\u00bb header_font_size_phone=\u00bb32px\u00bb header_font_size_last_edited=\u00bbon|desktop\u00bb global_colors_info=\u00bb{}\u00bb]<\/p>\n<h3 style=\"text-align: center;\"><span>M. en E. Juan Carlos Cadena Serrano<\/span><\/h3>\n<h3 style=\"text-align: center;\"><span>Jefe de Secci\u00f3n Acad\u00e9mica <\/span><\/h3>\n<p>&nbsp;<\/p>\n<p>[\/et_pb_text][et_pb_text _builder_version=\u00bb4.16&#8243; width=\u00bb100%\u00bb custom_margin=\u00bb|-39px||||\u00bb custom_padding=\u00bb|0px||||\u00bb global_colors_info=\u00bb{}\u00bb]<\/p>\n<h4 style=\"text-align: center;\"><strong>Datos de contacto:<\/strong><\/h4>\n<h4 style=\"text-align: center;\"><a href=\"mailto:ensenanzamyp@unam.mx\">ensenanzamyp@unam.mx<\/a><\/h4>\n<h4 style=\"text-align: center;\"><span>\u00a05556232377<\/span><\/h4>\n<p>[\/et_pb_text][\/et_pb_column][\/et_pb_row][\/et_pb_section][et_pb_section fb_built=\u00bb1&#8243; admin_label=\u00bbVision\u00bb _builder_version=\u00bb4.16&#8243; custom_padding=\u00bb||0px|||\u00bb global_colors_info=\u00bb{}\u00bb][et_pb_row use_custom_gutter=\u00bbon\u00bb gutter_width=\u00bb2&#8243; padding_top_bottom_link_1=\u00bbfalse\u00bb padding_top_bottom_link_2=\u00bbfalse\u00bb padding_top_bottom_link_3=\u00bbfalse\u00bb padding_left_right_link_1=\u00bbtrue\u00bb padding_left_right_link_2=\u00bbtrue\u00bb padding_left_right_link_3=\u00bbtrue\u00bb _builder_version=\u00bb4.16&#8243; background_color=\u00bb#2abfbf\u00bb width=\u00bb100%\u00bb max_width=\u00bb100%\u00bb module_alignment=\u00bbleft\u00bb custom_margin=\u00bb-67px|auto||auto||\u00bb custom_margin_tablet=\u00bb|||3vw\u00bb custom_margin_phone=\u00bb|||2vw\u00bb custom_margin_last_edited=\u00bboff|desktop\u00bb custom_padding=\u00bb|0%|||false|false\u00bb animation_style=\u00bbslide\u00bb animation_direction=\u00bbtop\u00bb animation_intensity_slide=\u00bb2%\u00bb use_custom_width=\u00bbon\u00bb width_unit=\u00bboff\u00bb custom_width_percent=\u00bb100%\u00bb global_colors_info=\u00bb{}\u00bb][et_pb_column type=\u00bb4_4&#8243; _builder_version=\u00bb4.16&#8243; background_color=\u00bb#f5f5f5&#8243; custom_padding=\u00bb60px|30px||30px\u00bb custom_padding_tablet=\u00bb40px|||\u00bb custom_padding_phone=\u00bb\u00bb custom_padding_last_edited=\u00bbon|phone\u00bb global_colors_info=\u00bb{}\u00bb padding_tablet=\u00bb40px|||\u00bb padding_last_edited=\u00bbon|phone\u00bb custom_padding__hover=\u00bb|||\u00bb padding_phone=\u00bb40px|||\u00bb][et_pb_divider color=\u00bb#393e56&#8243; divider_position=\u00bbcenter\u00bb divider_weight=\u00bb3px\u00bb _builder_version=\u00bb4.16&#8243; max_width=\u00bb60px\u00bb height=\u00bb3px\u00bb custom_margin=\u00bb||10px|\u00bb global_colors_info=\u00bb{}\u00bb][\/et_pb_divider][et_pb_text _builder_version=\u00bb4.16&#8243; text_font=\u00bb||||||||\u00bb text_line_height=\u00bb1.8em\u00bb custom_padding=\u00bb|||7px||\u00bb global_colors_info=\u00bb{}\u00bb]<\/p>\n<ul>\n<li>\n<h3><span>Es el v\u00ednculo entre la jefatura del departamento y los profesores que imparten tanto el curso te\u00f3rico como pr\u00e1ctico. Control de asistencia de Profesores de asignatura y tiempos completos, elaboraci\u00f3n de nombramientos de los profesores de asignaturas, actualizaci\u00f3n de manuales, elaboraci\u00f3n de los calendarios de las unidades tem\u00e1ticas para profesores, impartici\u00f3n del curso de Instructores, elaboraci\u00f3n y aplicaci\u00f3n de ex\u00e1menes instrumentados de las cuatro unidades tem\u00e1ticas para los nuevos profesores, actualizaci\u00f3n de la plantilla docente y material de apoyo, elaboraci\u00f3n de Casos cl\u00ednicos para la ense\u00f1anza tanto te\u00f3rica como pr\u00e1ctica. <\/span><\/h3>\n<\/li>\n<li>\n<h3><span>Sala de estar de profesores: registro de asistencia, lectura, pr\u00e9stamo de material de apoyo e informaci\u00f3n de actividades acad\u00e9micas del departamento.\u00a0 <\/span><\/h3>\n<\/li>\n<li>\n<h3><span>Atender los problemas que se presenten tanto de profesores como de alumnos. <\/span><\/h3>\n<\/li>\n<\/ul>\n<p>[\/et_pb_text][\/et_pb_column][\/et_pb_row][\/et_pb_section][et_pb_section fb_built=\u00bb1&#8243; _builder_version=\u00bb4.16&#8243; background_color=\u00bb#ffffff\u00bb background_image=\u00bbhttps:\/\/microypara.facmed.unam.mx\/wp-content\/uploads\/2020\/10\/political-candidate-23.png\u00bb custom_padding=\u00bb||7px|||\u00bb global_colors_info=\u00bb{}\u00bb][et_pb_row _builder_version=\u00bb4.16&#8243; custom_margin=\u00bb-51px|auto||auto||\u00bb global_colors_info=\u00bb{}\u00bb][et_pb_column type=\u00bb4_4&#8243; _builder_version=\u00bb4.16&#8243; global_colors_info=\u00bb{}\u00bb][et_pb_text _builder_version=\u00bb4.25.1&#8243; custom_padding=\u00bb||0px|||\u00bb hover_enabled=\u00bb0&#8243; global_colors_info=\u00bb{}\u00bb sticky_enabled=\u00bb0&#8243;]<\/p>\n<h3 style=\"text-align: center;\"><strong>\u00a0GRUPO DE TRABAJO<\/strong><\/h3>\n<h3 style=\"text-align: center;\"><strong>\u00a0<\/strong><\/h3>\n<h4><span><span style=\"color: #993300;\"><\/span><\/span><\/h4>\n<h4><span style=\"color: #993300;\">M en C. Aurora Candil Ruiz<\/span><\/h4>\n<h4><span style=\"color: #993300;\">Lic. Lizeth Vidal Franco<\/span><\/h4>\n<p>[\/et_pb_text][\/et_pb_column][\/et_pb_row][\/et_pb_section]<\/p>\n","protected":false},"excerpt":{"rendered":"<p>Secci\u00f3n Acad\u00e9mica de Ense\u00f1anza &nbsp;M. en E. Juan Carlos Cadena Serrano Jefe de Secci\u00f3n Acad\u00e9mica &nbsp;Datos de contacto: ensenanzamyp@unam.mx \u00a05556232377 Es el v\u00ednculo entre la jefatura del departamento y los profesores que imparten tanto el curso te\u00f3rico como pr\u00e1ctico. Control de asistencia de Profesores de asignatura y tiempos completos, elaboraci\u00f3n de nombramientos de los profesores [&hellip;]<\/p>\n","protected":false},"author":3,"featured_media":0,"parent":0,"menu_order":0,"comment_status":"closed","ping_status":"closed","template":"","meta":{"_et_pb_use_builder":"on","_et_pb_old_content":"","_et_gb_content_width":"","footnotes":""},"class_list":["post-2779","page","type-page","status-publish","hentry"],"jetpack_sharing_enabled":true,"_links":{"self":[{"href":"https:\/\/microypara.facmed.unam.mx\/index.php\/wp-json\/wp\/v2\/pages\/2779","targetHints":{"allow":["GET"]}}],"collection":[{"href":"https:\/\/microypara.facmed.unam.mx\/index.php\/wp-json\/wp\/v2\/pages"}],"about":[{"href":"https:\/\/microypara.facmed.unam.mx\/index.php\/wp-json\/wp\/v2\/types\/page"}],"author":[{"embeddable":true,"href":"https:\/\/microypara.facmed.unam.mx\/index.php\/wp-json\/wp\/v2\/users\/3"}],"replies":[{"embeddable":true,"href":"https:\/\/microypara.facmed.unam.mx\/index.php\/wp-json\/wp\/v2\/comments?post=2779"}],"version-history":[{"count":21,"href":"https:\/\/microypara.facmed.unam.mx\/index.php\/wp-json\/wp\/v2\/pages\/2779\/revisions"}],"predecessor-version":[{"id":5094,"href":"https:\/\/microypara.facmed.unam.mx\/index.php\/wp-json\/wp\/v2\/pages\/2779\/revisions\/5094"}],"wp:attachment":[{"href":"https:\/\/microypara.facmed.unam.mx\/index.php\/wp-json\/wp\/v2\/media?parent=2779"}],"curies":[{"name":"wp","href":"https:\/\/api.w.org\/{rel}","templated":true}]}}